at is the greatest common factor of 4 and o?
4
Let s(h) = -h + 23. Let l be s(8). Let i = l - 25. Let z(w) = w**2 - 11*w + 6. Let a be z(i). Calculate the highest common factor of 27 and a.
27
Suppose -8 = -18*o + 10. Let k be 4/o - (60 - 4)/(-4). Calculate the greatest common factor of 6 and k.
6
Suppose i - 361 + 121 = 5*q, 2*i - 550 = -4*q. Let f(o) = 5*o**2 + 5*o + 6. Let y be f(-5). Calculate the greatest common factor of y and i.
53
Let j(i) = 25*i**3 + 56*i**2 - 4*i + 4. Let t be j(1). Suppose -5*s = -6 - 39. What is the greatest common divisor of s and t?
9
Suppose 147*b - 8*b + 3*b - 994 = 0. What is the highest common factor of b and 143?
1
Suppose 18*s = 123*s - 226800. Calculate the greatest common factor of s and 27.
27
Let r = 1592 + -1571. Let n be (196/(-21))/((-4)/6). What is the highest common factor of n and r?
7
Suppose 2*v - 60350 = -4*k, -40*k + 45*k - 75505 = 5*v. Calculate the highest common factor of 88 and k.
44
Let k = 79710 - 13749. Calculate the greatest common factor of k and 27.
27
Suppose 0 = 2*z - 34 - 0. Let o be z/(-2) - (-12)/24. Let q be o/44 - 156/(-11). What is the greatest common divisor of 4 and q?
2
Let i = 150 - 142. What is the highest common divisor of i and 776?
8
Let n be 1183/35 + (-9)/(-405)*9. What is the greatest common factor of 2193 and n?
17
Let t = -3617 + 3621. What is the highest common divisor of 2972 and t?
4
Suppose -47555 = -11*g - 11673. Calculate the greatest common divisor of g and 14.
14
Let x = -12 + 9. Let k(b) = -18*b. Let g be k(x). Suppose -30 = -5*i - 5*c, 0*i - i + 4*c = -6. Calculate the highest common divisor of i and g.
6
Let z = -7641 - -8122. Calculate the highest common divisor of 26 and z.
13
Let x be 16/6*135/(-40)*-2. Let u(q) = -q**3 - 5*q**2 + 23*q + 19. Let k be u(-8). What is the highest common divisor of x and k?
9
Let i be -3 - (2 + -3) - (-1 + 11 + -23). Calculate the greatest common factor of 748 and i.
11
Suppose -10*z + 2*p = -9*z - 35, -4*z + 3*p = -150. Suppose 7*x = z*x - 3136. Calculate the greatest common divisor of 42 and x.
14
Let l = -65 - -74. Let n be l - (4 + 3*(-6)/9). Suppose -6 = q - n. What is the highest common factor of q and 9?
1
Let o = 1257 - 1226. Calculate the highest common divisor of 961 and o.
31
Let t be -35*-1*(-18)/(-15). Suppose -28 = -5*l + t. Suppose -7*y = -l*y + 616. What is the greatest common factor of y and 8?
8
Suppose 0 = -5*s - k - 5, 10*s - 2*k = 8*s + 10. Suppose s = p + 16 - 34. What is the greatest common divisor of p and 84?
6
Suppose -16*h - 38 = -182. Suppose 0 = 5*f + 5*s - 625, 5*s = 2*f + h*s - 260. What is the greatest common factor of 90 and f?
30
Let o(d) = d**2 - 133*d - 2003. Let v be o(-14). Suppose -4*q = q - 220. Calculate the greatest common divisor of v and q.
11
Suppose -33*v + 200 = -9304. Calculate the greatest common factor of v and 32.
32
Let m(t) = t**2 - 2*t - 3. Let n be m(-3). Let z be (-436)/(-6) - (-932)/(-1398). What is the greatest common factor of z and n?
12
Suppose 133*h = 45*h + 26136. Calculate the highest common factor of 1089 and h.
99
Let i = 4512 - -5848. What is the greatest common factor of 148 and i?
148
Let i = 26 - -38. Let b(p) = p**2 + 351*p - 3886. Let w be b(11). What is the greatest common divisor of i and w?
32
Let t be 4/(0 - (-2)/(-18)). Let y = -1918 - -1917. Let l = y - t. What is the greatest common divisor of l and 7?
7
Let n(g) = -g**3 - 39*g**2 - 81*g - 191. Let o be n(-37). What is the greatest common divisor of 493 and o?
17
Let n be -10 + -12 + 4 + 1588. What is the greatest common factor of 20 and n?
10
Suppose 316 = -5*c + 336. What is the highest common factor of c and 92?
4
Let p = -35 + 40. Suppose p*a + 30 = 11*a. Suppose 3*f = -a*w + 86, -5*w - 1 = -3*f - 75. What is the highest common divisor of 40 and w?
8
Let c(n) = n**2 - 24*n + 149. Let p be c(14). Let w be (-42)/(-2) + (-8)/(-4). Let f = 32 - w. Calculate the highest common divisor of p and f.
9
Let v be (-2)/(-54)*6 - (-266)/18. Let l(x) = -20 - v + 0*x + 26 + 7*x. Let n be l(7). Calculate the greatest common factor of n and 100.
20
Let w = -109 - -147. Suppose -4*l = -2*d - w, 3*l + 5*d - 40 = 21. What is the greatest common factor of 4 and l?
4
Let j be 0 + -1 - 91*-1. Let y be ((-114)/18 - -6)/((-2)/(-54)). Let h = 9 - y. Calculate the highest common divisor of h and j.
18
Let k = -2196 - -2283. Let u(y) = 55*y - 5. Let b be u(5). Suppose 2*t - 4*h - 136 = 0, t - 6*t = 4*h - b. Calculate the greatest common divisor of k and t.
29
Let l = -197 + 254. Let j be 32/(-304) - (-1602)/l. What is the highest common divisor of j and 49?
7
Let w = -5121 - -5157. Calculate the greatest common factor of w and 198.
18
Suppose 0 = 35*w - 34*w - 12. Let v be w/(-21) + (-100)/(-28) + 2. Suppose 0 = -3*f, 0*x + 2*x = v*f + 52. What is the greatest common factor of x and 13?
13
Suppose -27*y - 266 = 67*y - 227*y. Suppose -i = 2*i - 12. Calculate the highest common factor of y and i.
2
Suppose -25 = -2*p + p. Suppose -4*r = 6*k - 100, -193*r + 4*k = -193*r. What is the highest common divisor of p and r?
25
Suppose 196*d = 3444 + 280. Suppose 2*f + 2*f - 532 = 0. What is the greatest common divisor of f and d?
19
Let c(g) = 36*g - 1016. Let k be c(38). What is the greatest common factor of 484 and k?
44
Let t = 196 - 191. Suppose 0 = -4*n + 3*c + 166, -n + 35 = t*c + 5. Calculate the greatest common divisor of 360 and n.
40
Suppose c + 304 = 4*s - 2*s, 5*c + 1506 = 3*s. Let u = c - -337. What is the highest common divisor of u and 925?
37
Let a(j) = 35*j**2 + 1. Let h be a(-1). Suppose 60*r - 284 = 59*r. Suppose -1184 + r = -5*u. Calculate the highest common divisor of h and u.
36
Let r = 9 - 5. Suppose 4*x + 5*g - 2 - 6 = 0, -x - 3*g + 2 = 0. Let a be (-1 - x)/(((-408)/128)/17). What is the greatest common factor of a and r?
4
Let s be 1*20/(-7 - 3). Let o be (1 - s - (2 + -2)) + 4. Let a(k) = k**3 + k**2. Let r be a(1). What is the highest common divisor of r and o?
1
Let k(s) = s**2 - 8*s - 7. Let c be k(9). Let h = 748 - 428. Suppose 0 = c*p - r - 58 - 102, -r = -4*p + h. Calculate the greatest common factor of p and 32.
16
Suppose 321 = 7*d - 239. Let g = 94 - d. Calculate the highest common factor of 98 and g.
14
Let o(k) = 2*k + 22. Let i be o(-8). Suppose -y - 4*y = -2*l - 90, -3*y + l = -54. What is the greatest common factor of y and i?
6
Suppose -45 = -n - 3*c, 5*n - 225 = -2*c + 6*c. Let p = n + -37. Suppose -4*k - 128 = -p*k. Calculate the greatest common divisor of k and 64.
32
Let o(i) = 2*i**2 - 52*i + 3. Suppose 0 = 4*g - g - 78. Let r be o(g). What is the highest common factor of 4 and r?
1
Let i be ((-3)/((-18)/15))/(50/20). Let c(w) = 2*w**2 + 6*w - 6. Let d be c(i). Calculate the greatest common factor of 16 and d.
2
Let t = 13776 - 13682. What is the highest common factor of t and 1927?
47
Let d = 116 - 73. Let o(p) = p**3 + 50*p**2 - 18*p + 150. Let v be o(-50). Let x be v/24 - (-27)/(-36). Calculate the greatest common factor of x and d.
43
Let b be 28/(-42) - (-194)/3. Suppose -b = -5*h + 91. Suppose 60 = 2*v - 188. What is the greatest common divisor of h and v?
31
Let l = -18505 + 18543. Calculate the highest common divisor of l and 6935.
19
Let a(w) = -35*w - 5. Let u be a(-2). Let j = 175 - u. Let h(v) = v**2 - 6*v + 3. Let z be h(7). What is the greatest common divisor of j and z?
10
Suppose -98*z + 102*z - 584 = 0. Let k = -128 + z. Calculate the highest common divisor of k and 10.
2
Suppose -3*l = -3*f - 633, -l + 139 = -3*f - 74. What is the highest common factor of l and 1344?
42
Suppose 0 = 57*j - 35*j - 20196. What is the greatest common divisor of 544 and j?
34
Let q be (-3 - 189/(-9))*(-28)/(-42). Calculate the highest common divisor of 330 and q.
6
Let m be (4 + 528 - -4) + 3. Suppose -55*d = -48*d - m. Calculate the greatest common divisor of d and 22.
11
Suppose -20*u + 12*u + 161 = 15*u. Let o = 602 - 301. Calculate the highest common factor of u and o.
7
Let w be (-96)/(-10)*10/2. Let u be 3008/32 - (3 + -2). Suppose -79*c - 224 = -u*c. Calculate the highest common factor of c and w.
16
Suppose -28513 = -167*c + 10064. Let i be ((-6)/(-4))/(3/6). Suppose -i*f + 7*f = 132. Calculate the greatest common factor of f and c.
33
Let m = -16892 + 16961. What is the 